ided by 276.
260
What is the remainder when 11072285 is divided by 16?
13
What is the remainder when 1997 is divided by 345?
272
Calculate the remainder when 24514 is divided by 150.
64
Calculate the remainder when 317184 is divided by 82.
8
What is the remainder when 82955 is divided by 200?
155
Calculate the remainder when 2646 is divided by 738.
432
Calculate the remainder when 979 is divided by 631.
348
What is the remainder when 1104 is divided by 535?
34
What is the remainder when 3185025 is divided by 126?
123
Calculate the remainder when 377 is divided by 54.
53
What is the remainder when 163945 is divided by 6?
1
Calculate the remainder when 74831 is divided by 174.
11
Calculate the remainder when 127860 is divided by 1752.
1716
Calculate the remainder when 34740 is divided by 184.
148
What is the remainder when 3068 is divided by 135?
98
What is the remainder when 27118 is divided by 52?
26
Calculate the remainder when 2907 is divided by 323.
0
What is the remainder when 5227 is divided by 215?
67
What is the remainder when 824906 is divided by 307?
304
What is the remainder when 42466 is divided by 6058?
60
Calculate the remainder when 32884 is divided by 10936.
76
What is the remainder when 17755 is divided by 106?
53
What is the remainder when 7848 is divided by 200?
48
What is the remainder when 8821 is divided by 5?
1
What is the remainder when 196631 is divided by 106?
1
What is the remainder when 3046 is divided by 82?
12
What is the remainder when 3445 is divided by 656?
165
Calculate the remainder when 7784 is divided by 112.
56
Calculate the remainder when 5656 is divided by 1127.
21
What is the remainder when 19886 is divided by 5946?
2048
Calculate the remainder when 8633 is divided by 673.
557
What is the remainder when 185 is divided by 83?
19
What is the remainder when 448974 is divided by 16034?
22
Calculate the remainder when 23659 is divided by 11822.
15
Calculate the remainder when 124844 is divided by 867.
863
What is the remainder when 67310 is divided by 22423?
41
Calculate the remainder when 1202469 is divided by 59.
49
Calculate the remainder when 4360214 is divided by 908.
906
Calculate the remainder when 24292 is divided by 47.
40
Calculate the remainder when 1946 is divided by 5.
1
Calculate the remainder when 7322 is divided by 430.
12
What is the remainder when 1050 is divided by 365?
320
What is the remainder when 15643 is divided by 326?
321
Calculate the remainder when 44315 is divided by 4.
3
Calculate the remainder when 13990 is divided by 88.
86
Calculate the remainder when 29131 is divided by 14.
11
Calculate the remainder when 934 is divided by 273.
115
Calculate the remainder when 36180 is divided by 315.
270
What is the remainder when 2329 is divided by 192?
25
What is the remainder when 4477 is divided by 106?
25
Calculate the remainder when 11027 is divided by 28.
23
What is the remainder when 3806 is divided by 3801?
5
Calculate the remainder when 73491 is divided by 54.
51
Calculate the remainder when 166204 is divided by 41538.
52
Calculate the remainder when 52819 is divided by 26405.
9
What is the remainder when 785 is divided by 214?
143
What is the remainder when 4136 is divided by 1626?
884
What is the remainder when 980 is divided by 188?
40
What is the remainder when 54590 is divided by 5455?
40
What is the remainder when 1440 is divided by 703?
34
Calculate the remainder when 5170 is divided by 346.
326
What is the remainder when 4615 is divided by 185?
175
What is the remainder when 59158 is divided by 43?
33
What is the remainder when 21208 is divided by 10604?
0
Calculate the remainder when 3905 is divided by 97.
25
Calculate the remainder when 15338 is divided by 136.
106
Calculate the remainder when 17902 is divided by 1787.
32
Calculate the remainder when 56577 is divided by 18786.
219
Calculate the remainder when 67065 is divided by 621.
618
What is the remainder when 54500 is divided by 24?
20
What is the remainder when 3614 is divided by 1157?
143
Calculate the remainder when 28453 is divided by 53.
45
Calculate the remainder when 26236 is divided by 288.
28
What is the remainder when 84040 is divided by 257?
1
What is the remainder when 127748 is divided by 50?
48
Calculate the remainder when 250412 is divided by 4105.
7
Calculate the remainder when 281724 is divided by 58.
18
What is the remainder when 2979 is divided by 14?
11
What is the remainder when 13355 is divided by 25?
5
Calculate the remainder when 2406 is divided by 823.
760
What is the remainder when 2409820 is divided by 13?
10
Calculate the remainder when 37862 is divided by 7569.
17
Calculate the remainder when 1119 is divided by 20.
19
Calculate the remainder when 19598478 is divided by 880.
878
What is the remainder when 34765 is divided by 579?
25
What is the remainder when 12599 is divided by 3147?
11
What is the remainder when 35457 is divided by 101?
6
Calculate the remainder when 1173 is divided by 307.
252
What is the remainder when 454 is divided by 53?
30
Calculate the remainder when 108016 is divided by 104.
64
What is the remainder when 3203 is divided by 160?
3
What is the remainder when 1395 is divided by 463?
6
Calculate the remainder when 15975 is divided by 128.
103
What is the remainder when 489 is divided by 77?
27
What is the remainder when 27073 is divided by 720?
433
Calculate the remainder when 50085 is divided by 16.
5
What is the remainder when 586506 is divided by 52?
50
Calculate the remainder when 223052 is divided by 55753.
40
What is the remainder when 182 is divided by 21?
14
Calculate the remainder when 15841 is divided by 495.
1
What is the remainder when 140927 is divided by 48?
47
Calculate the remainder when 359578 is divided by 390.
388
Calculate the remainder when 265310 is divided by 123.
122
What is the remainder when 22924 is divided by 13?
5
What is the remainder when 15232 is divided by 9?
4
What is the remainder when 6623 is divided by 1641?
59
What is the remainder when 9981 is divided by 59?
10
Calculate the remainder when 14920 is divided by 452.
4
Calculate the remainder when 17903 is divided by 5963.
14
Calculate the remainder when 20356 is divided by 4067.
21
Calculate the remainder when 5879 is divided by 32.
23
What is the remainder when 155521 is divided by 49?
44
Calculate the remainder when 348790 is divided by 29.
7
What is the remainder when 1057 is divided by 386?
285
What is the remainder when 22619 is divided by 840?
779
Calculate the remainder when 57887 is divided by 72.
71
Calculate the remainder when 8976 is divided by 109.
38
Calculate the remainder when 47146 is divided by 205.
201
What is the remainder when 40315 is divided by 937?
24
Calculate the remainder when 607612 is divided by 74.
72
What is the remainder when 3632 is divided by 1376?
880
Calculate the remainder when 2705 is divided by 281.
176
What is the remainder when 6252 is divided by 125?
2
Calculate the remainder when 9355 is divided by 3.
1
Calculate the remainder when 10959 is divided by 75.
9
What is the remainder when 57337 is divided by 574?
511
What is the remainder when 1300 is divided by 324?
4
Calculate the remainder when 535270 is divided by 29.
17
Calculate the remainder when 238141 is divided by 571.
34
What is the remainder when 144335 is divided by 48102?
29
What is the remainder when 13782 is divided by 3378?
270
Calculate the remainder when 8209 is divided by 99.
91
What is the remainder when 10331 is divided by 299?
165
Calculate the remainder when 862 is divided by 68.
46
Calculate the remainder when 1247 is divided by 8.
7
What is the remainder when 20581 is divided by 2938?
15
What is the remainder when 95 is divided by 42?
11
Calculate the remainder when 6825 is divided by 3330.
165
Calculate the remainder when 90081 is divided by 62.
57
Calculate the remainder when 46886 is divided by 19.
13
Calculate the remainder when 10516 is divided by 63.
58
Calculate the remainder when 95830 is divided by 38.
32
Calculate the remainder when 287202 is divided by 9573.
12
What is the remainder when 2823 is divided by 106?
67
Calculate the remainder when 3793661 is divided by 928.
925
What is the remainder when 39013 is divided by 972?
133
What is the remainder whe